at is the highest common divisor of 39704730 and 11830?
130
Calculate the greatest common divisor of 228 and 28157601.
57
What is the greatest common divisor of 25354 and 504238?
14
What is the greatest common factor of 5872522 and 3590?
718
Calculate the highest common divisor of 55273592 and 40.
8
Calculate the highest common factor of 364 and 19533514.
182
What is the highest common divisor of 34631481 and 261?
87
What is the greatest common divisor of 738 and 73322227?
41
What is the greatest common factor of 1478 and 381632902?
1478
What is the greatest common divisor of 16182265 and 3795?
55
Calculate the greatest common divisor of 12922 and 15081820.
1846
What is the highest common divisor of 20542054 and 10686?
3562
What is the highest common factor of 2745 and 280905?
915
Calculate the highest common factor of 457215 and 4590.
255
Calculate the highest common factor of 6419 and 249704.
49
Calculate the greatest common divisor of 1738056 and 3264.
24
What is the greatest common divisor of 28 and 1571003?
7
Calculate the highest common divisor of 546809 and 1707.
569
Calculate the greatest common divisor of 632 and 17262448.
632
What is the highest common divisor of 24244 and 34580760?
2204
What is the greatest common divisor of 3720 and 680115?
15
Calculate the greatest common factor of 5787249 and 22375.
179
What is the highest common divisor of 22150320 and 18?
6
What is the greatest common divisor of 2321 and 20879927?
211
What is the highest common factor of 144 and 4095?
9
What is the highest common factor of 1367145 and 659813?
779
Calculate the greatest common factor of 137784 and 24576.
24
What is the greatest common divisor of 2417 and 67920117?
2417
Calculate the greatest common factor of 103116 and 6396.
156
What is the highest common divisor of 8232562 and 26?
26
What is the highest common divisor of 123901 and 263963?
5387
Calculate the highest common divisor of 833 and 3461770571.
833
Calculate the greatest common divisor of 47834500 and 78715.
6055
Calculate the greatest common factor of 1410 and 909570.
30
Calculate the highest common divisor of 2520 and 1813005.
45
Calculate the greatest common divisor of 405475 and 2275.
175
Calculate the greatest common divisor of 1223718392 and 208.
104
What is the highest common divisor of 8 and 10356796?
4
Calculate the highest common divisor of 48024808 and 9976.
344
Calculate the greatest common factor of 41220 and 442030.
10
Calculate the highest common factor of 41111163 and 9.
9
Calculate the highest common factor of 1581726702 and 372.
186
Calculate the highest common factor of 299 and 238325816.
23
What is the greatest common factor of 1440 and 453216?
96
Calculate the greatest common divisor of 1010391 and 120513.
417
What is the highest common divisor of 2920076 and 37448?
124
What is the greatest common factor of 4450065 and 4924?
1231
What is the highest common divisor of 9560 and 16465905?
1195
What is the highest common divisor of 2702 and 277298?
14
What is the greatest common factor of 28760751 and 5001?
5001
Calculate the greatest common factor of 874118 and 721.
7
Calculate the greatest common divisor of 43112 and 53256.
2536
Calculate the highest common factor of 32434 and 688.
2
What is the greatest common divisor of 25872 and 5134514?
1078
What is the greatest common divisor of 31088 and 1008752?
1072
What is the highest common factor of 19280 and 1697845?
1205
Calculate the highest common factor of 3150708 and 48.
12
What is the highest common factor of 14 and 20344842?
14
Calculate the highest common divisor of 568 and 31384.
8
What is the highest common factor of 1174814 and 2624?
82
Calculate the greatest common factor of 30669920 and 1474.
134
Calculate the greatest common factor of 28242 and 67014.
54
Calculate the greatest common factor of 219296 and 8915753.
6853
What is the greatest common divisor of 1887 and 93653697?
1887
Calculate the highest common divisor of 123518 and 248848.
302
What is the greatest common divisor of 7450 and 210890?
10
Calculate the greatest common divisor of 15566941 and 13.
13
Calculate the highest common divisor of 10250 and 3508780.
410
What is the highest common divisor of 80 and 6569770?
10
What is the greatest common divisor of 2478300 and 21516?
132
Calculate the highest common divisor of 8127 and 11522763.
189
Calculate the highest common factor of 78 and 500184.
6
What is the greatest common factor of 10 and 2681615?
5
Calculate the highest common factor of 108 and 2057848308.
108
Calculate the highest common factor of 1698 and 311968446.
1698
Calculate the greatest common divisor of 1993157 and 61617.
437
What is the greatest common factor of 11858 and 23350558?
1078
Calculate the highest common factor of 79647513 and 3297.
471
What is the highest common factor of 1349 and 658331?
19
What is the greatest common divisor of 431974 and 15718?
542
What is the highest common divisor of 5293 and 626718?
67
Calculate the highest common factor of 18 and 341554926.
6
Calculate the highest common divisor of 376 and 52289568.
376
What is the highest common factor of 8 and 61445272?
8
What is the highest common factor of 56 and 74769072?
56
Calculate the highest common divisor of 1001 and 63613550.
1001
Calculate the highest common factor of 7710 and 40125.
15
Calculate the greatest common factor of 2630320 and 3872.
176
Calculate the highest common factor of 30 and 10935490.
10
What is the highest common factor of 21230105 and 3?
1
Calculate the greatest common factor of 2639 and 5747336.
203
Calculate the greatest common factor of 79961730 and 270.
30
Calculate the highest common divisor of 406550 and 15159850.
2350
What is the highest common divisor of 1457920 and 8174?
134
What is the highest common divisor of 190 and 1229815?
5
Calculate the greatest common factor of 548270 and 180.
10
Calculate the highest common factor of 77 and 150838974.
11
Calculate the greatest common factor of 6110046 and 81.
27
What is the greatest common divisor of 4566167 and 391?
23
What is the greatest common factor of 7178 and 12691?
37
Calculate the highest common divisor of 360 and 148811220.
180
Calculate the highest common factor of 273 and 117746447.
91
What is the greatest common factor of 80 and 19185980?
20
Calculate the highest common divisor of 156 and 204907001.
13
Calculate the highest common divisor of 168 and 619844568.
168
What is the highest common factor of 1020968 and 226?
2
Calculate the greatest common divisor of 347637236 and 8.
4
What is the highest common factor of 308 and 713691363?
77
What is the greatest common factor of 524898 and 316674?
4338
What is the highest common divisor of 1037475 and 13311?
783
Calculate the greatest common divisor of 8004 and 30842892.
348
Calculate the highest common divisor of 14054 and 89685601.
7027
What is the greatest common factor of 540 and 25496595?
45
What is the greatest common divisor of 410 and 1397081765?
205
Calculate the greatest common divisor of 3984 and 1758756.
12
Calculate the highest common divisor of 65464 and 3611041.
1169
What is the highest common divisor of 9090323 and 781?
11
What is the greatest common factor of 211 and 3921509483?
211
What is the greatest common divisor of 1429 and 907470731?
1429
Calculate the highest common factor of 56994 and 819168.
966
Calculate the greatest common divisor of 3689496 and 1728.
216
Calculate the highest common divisor of 15589289 and 112706.
5123
What is the highest common divisor of 1752 and 15178440?
24
Calculate the greatest common factor of 4960067 and 10521.
1169
What is the greatest common factor of 114 and 123875763?
57
Calculate the highest common factor of 122030492 and 580.
116
What is the greatest common factor of 845266 and 188282?
4006
Calculate the highest common divisor of 52 and 1218200100.
52
What is the greatest common divisor of 73916025 and 50?
25
What is the highest common factor of 78772 and 9013096?
188
Calculate the highest common factor of 4926 and 106773513.
2463
Calculate the greatest common divisor of 8618 and 4247.
31
What is the highest common factor of 2859 and 56144089?
953
Calculate the greatest common divisor of 36344 and 10780539.
4543
Calculate the highest common divisor of 1176 and 9